{"id":33,"date":"2016-02-07T12:26:48","date_gmt":"2016-02-07T17:26:48","guid":{"rendered":"https:\/\/cablagevd.ca\/?page_id=33"},"modified":"2016-02-07T14:11:59","modified_gmt":"2016-02-07T19:11:59","slug":"services-complementaires","status":"publish","type":"page","link":"https:\/\/cablagevd.ca\/?page_id=33","title":{"rendered":"Services Compl\u00e9mentaires"},"content":{"rendered":"<p>Vous avez des besoins en syst\u00e8me d\u2019acc\u00e8s, alarme, paging et intrusion? Grace \u00e0 nos diff\u00e9rents partenaires, nous serons en mesure de r\u00e9pondre \u00e0 tous vos besoins. Contactez nous, il nous fera plaisir de vous aider.<\/p>\n","protected":false},"excerpt":{"rendered":"<p>Vous avez des besoins en syst\u00e8me d\u2019acc\u00e8s, alarme, paging et intrusion? Grace \u00e0 nos diff\u00e9rents partenaires, nous serons en mesure de r\u00e9pondre \u00e0 tous vos besoins. Contactez nous, il nous fera plaisir de vous aider.<\/p>\n","protected":false},"author":1,"featured_media":0,"parent":0,"menu_order":0,"comment_status":"closed","ping_status":"closed","template":"","meta":[],"_links":{"self":[{"href":"https:\/\/cablagevd.ca\/index.php?rest_route=\/wp\/v2\/pages\/33"}],"collection":[{"href":"https:\/\/cablagevd.ca\/index.php?rest_route=\/wp\/v2\/pages"}],"about":[{"href":"https:\/\/cablagevd.ca\/index.php?rest_route=\/wp\/v2\/types\/page"}],"author":[{"embeddable":true,"href":"https:\/\/cablagevd.ca\/index.php?rest_route=\/wp\/v2\/users\/1"}],"replies":[{"embeddable":true,"href":"https:\/\/cablagevd.ca\/index.php?rest_route=%2Fwp%2Fv2%2Fcomments&post=33"}],"version-history":[{"count":2,"href":"https:\/\/cablagevd.ca\/index.php?rest_route=\/wp\/v2\/pages\/33\/revisions"}],"predecessor-version":[{"id":47,"href":"https:\/\/cablagevd.ca\/index.php?rest_route=\/wp\/v2\/pages\/33\/revisions\/47"}],"wp:attachment":[{"href":"https:\/\/cablagevd.ca\/index.php?rest_route=%2Fwp%2Fv2%2Fmedia&parent=33"}],"curies":[{"name":"wp","href":"https:\/\/api.w.org\/{rel}","templated":true}]}}